culate the remainder when 19258622 is divided by 32.
30
What is the remainder when 1029855 is divided by 186?
159
Calculate the remainder when 40496019 is divided by 15.
9
What is the remainder when 7608167 is divided by 7724?
27
Calculate the remainder when 638659 is divided by 212739.
442
Calculate the remainder when 10204247 is divided by 97183.
32
Calculate the remainder when 2532003 is divided by 632994.
27
Calculate the remainder when 273945 is divided by 91308.
21
What is the remainder when 135296 is divided by 237?
206
What is the remainder when 39770 is divided by 1533?
1445
What is the remainder when 36593774 is divided by 308?
294
What is the remainder when 14198793 is divided by 316?
281
What is the remainder when 29416 is divided by 2206?
738
Calculate the remainder when 1700228 is divided by 1586.
36
Calculate the remainder when 2953233 is divided by 391.
10
What is the remainder when 1156272 is divided by 27530?
12
What is the remainder when 68664 is divided by 1600?
1464
Calculate the remainder when 99535 is divided by 392.
359
What is the remainder when 1216708 is divided by 4409?
4233
Calculate the remainder when 56013 is divided by 2662.
111
Calculate the remainder when 99069 is divided by 24756.
45
Calculate the remainder when 13382177 is divided by 677.
595
Calculate the remainder when 329110 is divided by 329108.
2
Calculate the remainder when 1886114998 is divided by 70.
68
Calculate the remainder when 66494308 is divided by 23.
20
Calculate the remainder when 59441 is divided by 28792.
1857
Calculate the remainder when 40339949 is divided by 283.
280
Calculate the remainder when 861243 is divided by 482.
391
What is the remainder when 5520645 is divided by 6?
3
Calculate the remainder when 13225919 is divided by 1104.
1103
What is the remainder when 933763 is divided by 45?
13
Calculate the remainder when 41688356 is divided by 5955474.
38
Calculate the remainder when 15283 is divided by 1163.
164
What is the remainder when 325454 is divided by 258?
116
Calculate the remainder when 45967 is divided by 129.
43
What is the remainder when 5191545 is divided by 1274?
1269
What is the remainder when 70348669 is divided by 14?
13
Calculate the remainder when 5493135 is divided by 499374.
21
What is the remainder when 356600 is divided by 118812?
164
Calculate the remainder when 6734833 is divided by 1340.
1333
What is the remainder when 1253222 is divided by 46?
44
Calculate the remainder when 280668 is divided by 7788.
300
Calculate the remainder when 209435 is divided by 35.
30
Calculate the remainder when 24538961 is divided by 151475.
11
Calculate the remainder when 14371565 is divided by 226.
225
Calculate the remainder when 1355374 is divided by 3619.
1868
Calculate the remainder when 195275 is divided by 146.
73
What is the remainder when 296494 is divided by 6050?
44
Calculate the remainder when 126684010 is divided by 3600.
10
Calculate the remainder when 19472128 is divided by 738.
736
What is the remainder when 98599 is divided by 24550?
399
Calculate the remainder when 55647776 is divided by 3959.
72
Calculate the remainder when 768106 is divided by 3105.
1171
What is the remainder when 66329 is divided by 33054?
221
What is the remainder when 29632797 is divided by 328?
293
What is the remainder when 12020 is divided by 11290?
730
Calculate the remainder when 39295 is divided by 3410.
1785
Calculate the remainder when 22753658 is divided by 1034255.
48
Calculate the remainder when 852637 is divided by 6876.
13
Calculate the remainder when 2298 is divided by 1147.
4
What is the remainder when 6166307 is divided by 150?
107
Calculate the remainder when 241531 is divided by 2416.
2347
Calculate the remainder when 68964550 is divided by 1981.
1978
What is the remainder when 240317 is divided by 30035?
37
What is the remainder when 2870536 is divided by 37?
2
What is the remainder when 169334 is divided by 617?
276
What is the remainder when 30474 is divided by 22?
4
Calculate the remainder when 86224591 is divided by 85.
81
Calculate the remainder when 12522355 is divided by 44.
43
Calculate the remainder when 3455871 is divided by 63.
6
What is the remainder when 66099 is divided by 6203?
4069
What is the remainder when 790495 is divided by 184?
31
Calculate the remainder when 61742 is divided by 12278.
352
What is the remainder when 11440 is divided by 281?
200
Calculate the remainder when 75736334 is divided by 676.
674
Calculate the remainder when 321757 is divided by 956.
541
What is the remainder when 10359835 is divided by 1808?
1803
What is the remainder when 207677 is divided by 51911?
33
What is the remainder when 40809341 is divided by 183?
158
Calculate the remainder when 19460461 is divided by 76.
53
Calculate the remainder when 1100728 is divided by 52313.
2155
Calculate the remainder when 20450 is divided by 5025.
350
What is the remainder when 41467806 is divided by 111?
93
What is the remainder when 10203909 is divided by 165?
144
Calculate the remainder when 117030580 is divided by 27.
25
Calculate the remainder when 530537 is divided by 5525.
137
Calculate the remainder when 2175707 is divided by 362524.
563
Calculate the remainder when 4251770 is divided by 31.
27
Calculate the remainder when 8506751 is divided by 173607.
8
Calculate the remainder when 118612586 is divided by 1321.
1317
What is the remainder when 636674 is divided by 131?
14
What is the remainder when 3537550 is divided by 221095?
30
Calculate the remainder when 5070924 is divided by 3773.
12
What is the remainder when 2467842 is divided by 124?
118
What is the remainder when 61893649 is divided by 455?
454
Calculate the remainder when 116427399 is divided by 387.
384
Calculate the remainder when 282715 is divided by 280815.
1900
What is the remainder when 1018065 is divided by 260?
165
What is the remainder when 764993 is divided by 510?
503
What is the remainder when 224225 is divided by 6249?
5510
Calculate the remainder when 655231 is divided by 28486.
53
Calculate the remainder when 10568932 is divided by 108958.
6
What is the remainder when 9405408 is divided by 154?
12
What is the remainder when 6957922 is divided by 22?
4
Calculate the remainder when 2550434 is divided by 122.
24
What is the remainder when 4931219 is divided by 2872?
2867
What is the remainder when 1615732 is divided by 67322?
4
What is the remainder when 2704 is divided by 400?
304
Calculate the remainder when 285530 is divided by 200.
130
What is the remainder when 4661606 is divided by 127?
71
Calculate the remainder when 5167863 is divided by 19.
15
Calculate the remainder when 57878 is divided by 1476.
314
Calculate the remainder when 2077525 is divided by 1824.
1813
Calculate the remainder when 95398063 is divided by 8672548.
35
What is the remainder when 154113 is divided by 58?
7
Calculate the remainder when 8585 is divided by 4234.
117
Calculate the remainder when 37916 is divided by 74.
28
What is the remainder when 2929743100 is divided by 1209?
1207
What is the remainder when 1275220 is divided by 212536?
4
What is the remainder when 7563179 is divided by 1890787?
31
Calculate the remainder when 244564 is divided by 48902.
54
What is the remainder when 51043262 is divided by 563?
556
What is the remainder when 946652 is divided by 13333?
9
What is the remainder when 444813 is divided by 2439?
915
What is the remainder when 12612313 is divided by 19?
18
What is the remainder when 369656 is divided by 803?
276
What is the remainder when 20626818 is divided by 36?
6
What is the remainder when 447411 is divided by 4711?
4577
What is the remainder when 34014185 is divided by 652?
649
What is the remainder when 142761 is divided by 142055?
706
What is the remainder when 89269 is divided by 1513?
2
What is the remainder when 51042924 is divided by 4639?
7
Calculate the remainder when 63817 is divided by 28977.
5863
Calculate the remainder when 2502908 is divided by 470.
158
What is the remainder when 241173 is divided by 51?
45
What is the remainder when 7564127 is divided by 208?
207
What is the remainder when 669448 is divided by 810?
388
Calculate the remainder when 9800109 is divided by 3266702.
3
What is the remainder when 465512 is divided 